s(4)?
49
Suppose -w + 5 + 20 = 0. Suppose -5*d = -10, -13*t + 12*t = d - 7. Calculate the remainder when (4/t)/((-27)/(-1350)) is divided by w.
15
Suppose -4*x + 3*k = 48 - 649, 2*x = -5*k + 333. Let b = 244 - x. Calculate the remainder when b is divided by 31.
28
Suppose -21 = -8*m - 5. What is the remainder when 194/18 + (-58)/(-261) is divided by m?
1
Suppose -6*y + 855 - 843 = 0. Suppose y*u = -2*h + 6*u + 144, 5*h = -4*u + 388. What is the remainder when h is divided by 12?
4
Suppose 4415 = 124*h - 1661. What is the remainder when 261 is divided by h?
16
Suppose 94*j + 3267 = 105*j. Suppose 2*o - 3*p + 441 = 5*o, 2*o + p - j = 0. Calculate the remainder when o is divided by 53.
44
Let a(l) = 842*l - 26893. Calculate the remainder when 2/(-6) + 362/6 is divided by a(32).
9
Suppose -31*a + 8*a + 6348 + 10350 = 0. What is the remainder when a is divided by 95?
61
Let s(t) = 0 + 2*t**3 - 5*t + 0 + 3*t**2. Let j be -51 + 57 - (-1 - -5). Calculate the remainder when 69 is divided by s(j).
15
What is the remainder when 84 - ((-1170)/(-13))/15 is divided by 31?
16
Suppose r + v - 14 = -17, 0 = 2*r - v - 9. Suppose 2*x - 64 = -0*i + 4*i, 5*x - r*i = 136. Calculate the remainder when 92 is divided by x.
14
Calculate the remainder when 1139 is divided by 229 - ((-1)/(-6)*-4 - (-10)/6).
227
Let k(a) = -a**2 - 6*a - 9. Let q be k(-3). Suppose q*h = 14*h - 28. Suppose h = -d + 6. What is the remainder when 42 is divided by d?
2
Let a(v) = 2*v**2 + 36*v - 128. Suppose 3*x - f - 49 = f, -5*x + 67 = 4*f. What is the remainder when a(4) is divided by x?
3
Let s be ((-17)/(-7))/((-7)/147*-3). Suppose -2*f + s = 2*h - 91, -2*h + 276 = 5*f. What is the remainder when 328 is divided by f?
48
Let h = 15548 + -15532. Calculate the remainder when 37 is divided by h.
5
Let a be -5*1*(-2010)/50. Suppose 27 = -2*s + a. Calculate the remainder when s is divided by (-9)/(-6) - (-574)/28.
21
Suppose -4*i - 20 = 0, 0*v - 3*v - 4*i - 8 = 0. Suppose 0 = 30*k - 29*k + 121*k - 5002. What is the remainder when k is divided by v?
1
Let q = -1495 - -1571. Calculate the remainder when 375 is divided by q.
71
Let z(x) = -x**2 - 7*x - 1. Let s be z(-6). Suppose 0 = s*l + r - 123, 3 = r - 0*r. What is the remainder when l is divided by 2/((10/12)/((-10)/8)) + 16?
11
Let y = -862 + 910. What is the remainder when 203 is divided by y?
11
Suppose 20 = -2*j + 7*j. Suppose 4*b - v - 5 = 4, 4*v = -j. Suppose 0*u + 34 = b*u + t, -92 = -4*u + 4*t. What is the remainder when 75 is divided by u?
18
Let y = 0 + -10. Let r = 27 + y. Suppose 2*u = -3*x + r, -2*u + u - 16 = -2*x. What is the remainder when 10 is divided by x?
3
Let z(k) = k**3 - 3*k**2 + 2*k - 4. Let h be z(3). Suppose 4*g = -f + 62, f - h*f = 5*g - 67. What is the remainder when 125 is divided by (f/9)/((-4)/(-18))?
20
Suppose 52*a = 7*a + 1395. Let u = 327 - 204. Calculate the remainder when u is divided by a.
30
Suppose 0 = 146*w - 143*w - 5*r - 3725, -4*r = w - 1219. Calculate the remainder when w is divided by 22.
3
Suppose -2*h - h = 117. Let t = -2 - h. Calculate the remainder when (-30 + 1)/((-5)/25 + 0) is divided by t.
34
Suppose 3*j = -2*n - 25, 1 = -0*n + n - 3*j. Calculate the remainder when 2/(-13) + (290/26 - -2) is divided by 2*(84/n)/(-3).
6
Let z(a) = 3*a**2 - 4*a - 2. Let u be (3 - (-10)/(-4))*(5 - 1). Suppose -3*l + 3 = -0*l, -u*y = l - 17. Calculate the remainder when z(5) is divided by y.
5
Suppose 2 = x - 0. Let i = 1305 + -1301. Suppose 0 = x*t + i*t - 138. What is the remainder when t is divided by 13?
10
Let q(u) = 9*u - 19*u + 27 + 14*u. Calculate the remainder when q(7) is divided by (-14 - (1 - 0))/(-1).
10
Suppose 62154 = 54*g - 27*g. Calculate the remainder when g is divided by 1134.
34
Let c = 3432 - 175. Calculate the remainder when c is divided by 1084.
5
Suppose -52 = -2*c - 2*t - 0*t, c + 2*t - 26 = 0. What is the remainder when ((-2)/6)/(158/(-35550)) is divided by c?
23
Let c = -51 - -95. Let j = -294 - -296. Suppose 2*w + g = -j*g + 157, -3*g - 359 = -4*w. What is the remainder when w is divided by c?
42
Suppose y - p = -0*p + 31, 2*p - 98 = -3*y. Let j = -201 - -199. Calculate the remainder when y is divided by (-1311)/(-46)*j/(-3).
13
Suppose 4*p + 3*r = 651, -4*r = 3*p - 5*p + 320. Suppose -d - 30 = -p. Suppose -46*i - 236 = -1800. Calculate the remainder when d is divided by i.
30
Suppose 5*q = -7*q + 468. Suppose -f = -4*f + q. Suppose 2*l - f = -2*n - l, -5*n + 3*l = -64. Calculate the remainder when 30 is divided by n.
8
Let v be (-762)/36*-3*-2. Let k = v - -138. What is the remainder when 64 is divided by k?
9
Suppose -3*a - 6*z = -4*a + 329, 0 = 4*a + 4*z - 1260. Calculate the remainder when a is divided by 76.
13
Let r = -805 + 463. Let i be r*5/(-6 + 1). Calculate the remainder when 150 is divided by (i/24*8/3)/2.
17
Let q = -61 + 47. Calculate the remainder when 237 is divided by (4 + -1 + 0)*q/(-3).
13
Let q = -3289 + 3376. What is the remainder when 657 is divided by q?
48
Suppose -4*m + 20 = -6*m. Let f(u) = -19*u + 30. Calculate the remainder when f(-9) is divided by 201/6 + (-5)/m.
31
Let c = -74 - -118. Suppose 4*n = 20, r - 4*n + 10 + 9 = 0. Let b = r + 14. Calculate the remainder when c is divided by b.
14
Suppose -5*w - 3*s = -1882, 163*w = 159*w - 4*s + 1496. What is the remainder when w is divided by (-23 + 1)/((-4)/10)?
50
Let t be (-3)/(-15) + 76/20. Suppose -2*g = -10, 3*g - 71 = -t*k - 0*g. What is the remainder when 22 is divided by ((-2)/3)/(k/(-63))?
1
Suppose -5*a = -10, -9*u + 7*u - 2*a - 72 = 0. Calculate the remainder when ((-19)/u)/(2 - (-207)/(-104)) is divided by 2.
0
Let c(d) = 5*d + 9. Let u(v) = 5*v**2 + 3*v - 5. Let k be u(1). What is the remainder when c(k) is divided by (39/9)/((-2)/(-6))?
11
Let o(s) = 2*s + 55. Let y(t) = -18*t**2 + 3*t - 6. Let v be y(1). Calculate the remainder when o(v) is divided by 13.
0
Suppose -4*n = 5*j - 7433, n + 143*j = 146*j + 1837. Calculate the remainder when n is divided by 610.
22
Let f(v) = -22*v**2 - 178*v - 11. What is the remainder when 744 is divided by f(-8)?
4
Let t(r) = 107*r - 230. Suppose -c + 2*c = 46. Suppose -a = a - c. What is the remainder when t(3) is divided by a?
22
Let j be 0 + (-50*4)/(-4). Suppose -2*h + u = -4*u - 101, -4*h - 5*u = -127. Let z = j - h. What is the remainder when 47 is divided by z?
11
Suppose 3*k = 5*d, 2*k - 3*k = 2*d. Let h = 157 + -108. Suppose -5*v + h + 46 = k. Calculate the remainder when v is divided by 11.
8
What is the remainder when 373 is divided by ((-36)/7)/(72/(-756)*1)?
49
Suppose -5*q - 3*p + 152 = 0, 4*p = -5*q - 0*p + 151. Calculate the remainder when q is divided by (76/57)/(4/51).
14
Let p = 8071 - 7905. What is the remainder when 1823 is divided by p?
163
What is the remainder when 1047 is divided by (-2)/32 + (-5925)/(-80) + -4?
67
Suppose 4*p - 139 = -3*d, 0 = 5*d - 0*p + 5*p - 225. Suppose 137 = 4*a + 1. What is the remainder when d is divided by a?
7
Suppose -3*i - 41*h + 266 = -39*h, -5*h = -4*i + 370. What is the remainder when 282 is divided by i?
12
Let r = -1660 + 1864. Calculate the remainder when r is divided by 53.
45
Let d(n) = -117*n - 620. What is the remainder when d(-15) is divided by 106?
75
Let a = 95 + 377. Let c = a - 331. Suppose -93*r + c = -90*r. What is the remainder when r is divided by 17?
13
Let z(n) = -6*n + 10. Let f(s) = 5*s + 8. Let p be f(-1). Let l be z(p). Calculate the remainder when l/32*42*144/(-14) is divided by 11.
9
Calculate the remainder when 3565 is divided by ((-1 - -2)/2)/(9637/(-1610) + 6).
30
Suppose 33949 + 49157 = 243*p. What is the remainder when 720 is divided by p?
36
Suppose x = -4*x + 440. Let i(a) = a**2 - 20*a + 15. Let b be i(24). Suppose -20*q + b = -149. What is the remainder when x is divided by q?
10
Suppose 3*l + 2*f = 6, -4 - 2 = l - 2*f. Suppose l = -9*w + 5*w + 4248. Calculate the remainder when w/15 - (-4)/(-5) is divided by 15.
10
Let z = 58 + -41. Suppose 0 = 30*k - 34*k + 716. Let n = -147 + k. What is the remainder when n is divided by z?
15
Let a = -39 - -42. Suppose -280 + 130 = -a*p. Suppose -3*f + 106 = -p. What is the remainder when f is divided by 27?
25
Let n = -209 - -566. Calculate the remainder when 961 is divided by (-2)/(-4) - -1*n/14.
25
Let l(x) = x**3 + 3*x**2 - 1